3
What are the prime factors of 2162?
2, 23, 47
List the prime factors of 21745.
5, 4349
List the prime factors of 5196.
2, 3, 433
List the prime factors of 1180.
2, 5, 59
List the prime factors of 11220.
2, 3, 5, 11, 17
List the prime factors of 8793.
3, 977
What are the prime factors of 3278?
2, 11, 149
What are the prime factors of 1067?
11, 97
What are the prime factors of 6551?
6551
List the prime factors of 173697.
3, 57899
List the prime factors of 2309.
2309
List the prime factors of 2824.
2, 353
List the prime factors of 5166.
2, 3, 7, 41
List the prime factors of 8322.
2, 3, 19, 73
List the prime factors of 13039.
13, 17, 59
List the prime factors of 3561.
3, 1187
What are the prime factors of 1294?
2, 647
What are the prime factors of 2566?
2, 1283
List the prime factors of 117292.
2, 7, 59, 71
List the prime factors of 2070.
2, 3, 5, 23
List the prime factors of 3119.
3119
What are the prime factors of 30452?
2, 23, 331
What are the prime factors of 48254?
2, 23, 1049
What are the prime factors of 877?
877
What are the prime factors of 7014?
2, 3, 7, 167
List the prime factors of 3249.
3, 19
What are the prime factors of 4202?
2, 11, 191
List the prime factors of 3015.
3, 5, 67
List the prime factors of 840.
2, 3, 5, 7
What are the prime factors of 6288?
2, 3, 131
What are the prime factors of 41893?
41893
List the prime factors of 4041.
3, 449
What are the prime factors of 4290?
2, 3, 5, 11, 13
What are the prime factors of 377?
13, 29
What are the prime factors of 799?
17, 47
What are the prime factors of 352?
2, 11
List the prime factors of 1540.
2, 5, 7, 11
What are the prime factors of 15355?
5, 37, 83
What are the prime factors of 457?
457
What are the prime factors of 6975?
3, 5, 31
List the prime factors of 539.
7, 11
What are the prime factors of 20168?
2, 2521
What are the prime factors of 2756?
2, 13, 53
What are the prime factors of 10347?
3, 3449
List the prime factors of 57.
3, 19
List the prime factors of 1912.
2, 239
What are the prime factors of 33977?
61, 557
List the prime factors of 885.
3, 5, 59
What are the prime factors of 23550?
2, 3, 5, 157
What are the prime factors of 1230?
2, 3, 5, 41
List the prime factors of 4294.
2, 19, 113
List the prime factors of 4217.
4217
What are the prime factors of 2722?
2, 1361
List the prime factors of 364.
2, 7, 13
What are the prime factors of 8108?
2, 2027
What are the prime factors of 6617?
13, 509
What are the prime factors of 703?
19, 37
What are the prime factors of 1365?
3, 5, 7, 13
What are the prime factors of 14507?
89, 163
List the prime factors of 6862.
2, 47, 73
What are the prime factors of 79520?
2, 5, 7, 71
What are the prime factors of 6095?
5, 23, 53
What are the prime factors of 76?
2, 19
List the prime factors of 3923.
3923
What are the prime factors of 83207?
83207
List the prime factors of 1634.
2, 19, 43
What are the prime factors of 1040?
2, 5, 13
List the prime factors of 18081.
3, 7, 41
What are the prime factors of 10764?
2, 3, 13, 23
List the prime factors of 17246.
2, 8623
List the prime factors of 76702.
2, 38351
List the prime factors of 2506.
2, 7, 179
List the prime factors of 33160.
2, 5, 829
List the prime factors of 85718.
2, 42859
List the prime factors of 1538.
2, 769
List the prime factors of 21826.
2, 7, 1559
What are the prime factors of 16313?
11, 1483
List the prime factors of 13198.
2, 6599
List the prime factors of 29419.
13, 31, 73
What are the prime factors of 1320?
2, 3, 5, 11
What are the prime factors of 8636?
2, 17, 127
What are the prime factors of 29416?
2, 3677
List the prime factors of 4787.
4787
What are the prime factors of 32784?
2, 3, 683
What are the prime factors of 2632?
2, 7, 47
What are the prime factors of 4795?
5, 7, 137
List the prime factors of 1527.
3, 509
List the prime factors of 4102.
2, 7, 293
What are the prime factors of 70?
2, 5, 7
What are the prime factors of 1139?
17, 67
List the prime factors of 937.
937
What are the prime factors of 717?
3, 239
List the prime factors of 6747.
3, 13, 173
List the prime factors of 49965.
3, 5, 3331
List the prime factors of 7527.
3, 13, 193
What are the prime factors of 41711?
53, 787
List the prime factors of 41952.
2, 3, 19, 23
List the prime factors of 37524.
2, 3, 53, 59
List the prime factors of 1004.
2, 251
List the prime factors of 2267.
2267
List the prime factors of 29251.
29251
What are the prime factors of 1394?
2, 17, 41
List the prime factors of 176.
2, 11
List the prime factors of 134.
2, 67
List the prime factors of 265.
5, 53
List the prime factors of 128.
2
What are the prime factors of 98?
2, 7
List the prime factors of 51.
3, 17
What are the prime factors of 16794?
2, 3, 311
What are the prime factors of 1130?
2, 5, 113
What are the prime factors of 11581?
37, 313
List the prime factors of 67228.
2, 7
List the prime factors of 2533.
17, 149
List the prime factors of 3612.
2, 3, 7, 43
What are the prime factors of 2412?
2, 3, 67
What are the prime factors of 148036?
2, 7, 17, 311
What are the prime factors of 3505?
5, 701
List the prime factors of 133733.
133733
What are the prime factors of 38455?
5, 7691
What are the prime factors of 15640?
2, 5, 17, 23
What are the prime factors of 24148?
2, 6037
What are the prime factors of 7008?
2, 3, 73
What are the prime factors of 1496?
2, 11, 17
What are the prime factors of 5328?
2, 3, 37
What are the prime factors of 16282?
2, 7, 1163
List the prime factors of 38058.
2, 3, 6343
What are the prime factors of 1983?
3, 661
What are the prime factors of 1350?
2, 3, 5
List the prime factors of 40.
2, 5
What are the prime factors of 20167?
7, 43, 67
What are the prime factors of 116835?
3, 5, 7789
What are the prime factors of 12961?
13, 997
What are the prime factors of 31256?
2, 3907
List the prime factors of 5185.
5, 17, 61
What are the prime factors of 97110?
2, 3, 5, 13, 83
What are the prime factors of 1152?
2, 3
List the prime factors of 2101.
11, 191
List the prime factors of 25943.
25943
What are the prime factors of 3068?
2, 13, 59
List the prime factors of 39.
3, 13
What are the prime factors of 2233?
7, 11, 29
What are the prime factors of 36844?
2, 61, 151
List the prime factors of 4732.
2, 7, 13
What are the prime factors of 13583?
17, 47
What are the prime factors of 175?
5, 7
What are the prime factors of 6287?
6287
What are the prime factors of 8341?
19, 439
List the prime factors of 13950.
2, 3, 5, 31
List the prime factors of 28252.
2, 7, 1009
List the prime factors of 1017.
3, 113
List the prime factors of 124.
2, 31
What are the prime factors of 5832?
2, 3
What are the prime factors of 4858?
2, 7, 347
List the prime factors of 14502.
2, 3, 2417
List the prime factors of 2154.
2, 3, 359
What are the prime factors of 1940?
2, 5, 97
What are the prime factors of 123864?
2, 3, 13, 397
What are the prime factors of 2644?
2, 661
List the prime factors of 59551.
17, 31, 113
List the prime factors of 19812.
2, 3, 13, 127
List the prime factors of 30170.
2, 5, 7, 431
List the prime factors of 22060.
2, 5, 1103
List the prime factors of 19244.
2, 17, 283
What are the prime factors of 7769?
17, 457
What are the prime factors of 23898?
2, 3, 7, 569
List the prime factors of 822.
2, 3, 137
What are the prime factors of 4068?
2, 3, 113
List the prime factors of 123625.
5, 23, 43
What are the prime factors of 803?
11, 73
What are the prime factors of 77850?
2, 3, 5, 173
List the prime factors of 6698.
2, 17, 197
What are the prime factors of 1327?
1327
What are the prime factors of 34048?
2, 7, 19
What are the prime factors of 15023?
83, 181
List the prime factors of 1255.
5, 251
List the prime factors of 20995.
5, 13, 17, 19
List the prime factors of 2512.
2, 157
What are the prime factors of 3135?
3, 5, 11, 19
List the prime factors of 102469.
43, 2383
What are the prime factors of 46588?
2, 19, 613
List the prime factors of 1558.
2, 19, 41
What are the prime factors of 3146?
2, 11, 13
What are the prime factors of 599?
599
What are the prime factors of 2667?
3, 7, 127
List the prime factors of 826.
2, 7, 59
What are the prime factors of 475?
5, 19
What are the prime factors of 544?
2, 17
List the prime factors of 153818.
2, 7, 10987
List the prime factors of 44526.
2, 3, 41, 181
List the prim